st common factor of r and o.
1
Let r = -97 - -104. Suppose 0 = -x - 3*l + 97, -2*x - 455 = -r*x - 5*l. Calculate the highest common divisor of x and 22.
22
Let c(z) = -5*z**3 + 2*z**2. Let v be c(-4). Let a = -227 + v. Let o be ((-6)/4)/((-12)/400). Calculate the highest common divisor of a and o.
25
Suppose 6*j + 2*i - 60 = 2*j, 3*i - 60 = -4*j. Calculate the highest common factor of 39 and j.
3
Suppose 278 + 316 = 9*k. Suppose -4*u + 4*h - 32 = -8*u, 0 = -u - 2*h + 10. Calculate the highest common divisor of k and u.
6
Suppose -13*y - 4 = 9. Let q be 4/y + 18 + -8. Calculate the highest common divisor of 48 and q.
6
Let v be 1/(-4) - 123/(-12). Suppose -4*w + 9 = 1. What is the greatest common divisor of v and w?
2
Let a = -2424 + 3129. Calculate the greatest common divisor of a and 60.
15
Let u(f) = 3*f + 36. Suppose -9*n = -4*n + 40. Let j be u(n). Calculate the greatest common divisor of j and 24.
12
Let m = 215 - 189. What is the greatest common divisor of 26 and m?
26
Let h = 0 - -2. Let b be 10*30/4 + h. Suppose -5*c + 35 = -0*c. Calculate the highest common divisor of b and c.
7
Suppose 3234 = 20*l + 13*l. Calculate the highest common divisor of 10 and l.
2
Suppose 4*n - 147 = 3*s - 14, 3*n - 4*s = 91. Suppose -3*z + 5*m = -459, 4*m + 192 - 32 = z. What is the highest common divisor of z and n?
37
Let a(n) = 3*n**2 + 9*n + 2. Let c be a(-3). Suppose -338 = -2*z - 3*y + 2*y, -z - c*y = -172. Calculate the greatest common factor of z and 21.
21
Let z(t) = -17*t - 21. Suppose -3 = a - 6. Suppose -q + a = 0, -5*n + 4*q = -n + 36. Let f be z(n). Calculate the greatest common factor of 9 and f.
9
Suppose -4 = -k + 53. Suppose -11 = -4*p + k. Let f = p + 7. What is the highest common divisor of 36 and f?
12
Let t = -17 + 47. Let n be (-4)/(4/(-33)) - 3/1. What is the greatest common factor of t and n?
30
Let i = -401 - -752. What is the highest common divisor of 39 and i?
39
Let r be (-1)/4 + (627/(-76))/(-1). What is the highest common divisor of 376 and r?
8
Let h = 3274 + -3269. Suppose 0 = g - 2*g + 15. What is the highest common divisor of g and h?
5
Let j be (152/(-6) - 4)*21/(-14). What is the highest common factor of j and 132?
44
Suppose 4*k = 5*k + q - 72, -4*q - 256 = -4*k. Let d = 49 + k. Calculate the greatest common divisor of d and 13.
13
Suppose 2*n - 2*g = -7*g + 122, -n = 2*g - 59. Calculate the highest common divisor of 102 and n.
51
Let j(s) = s**2 + 8*s - 20. Let r be j(5). Calculate the highest common factor of r and 25.
5
Let s = 796 - 130. Calculate the greatest common factor of 74 and s.
74
Let l be (-7)/((-35)/(-200)) - (3 - 1). Let r = l - -72. Calculate the highest common factor of r and 330.
30
Suppose -5*l + 3*q + 281 = 0, -l = -4*q - 25 - 21. What is the greatest common factor of l and 290?
58
Let z be (-4)/6 - 251/(-3). Let j = 195 - z. What is the highest common factor of j and 16?
16
Let r = 14 - 8. Let c be r/9 - (-2)/(-3). Suppose -3*t + j + 626 = c, 5*t - t + j - 837 = 0. What is the highest common factor of t and 19?
19
Let d(s) = -218*s**3 + 4*s + 3. Let y be d(-1). Calculate the highest common divisor of 7 and y.
7
Suppose -28*n - 2062 + 10490 = 0. Calculate the highest common divisor of n and 86.
43
Let z = -5 - -10. Suppose -3*h + z*h - 16 = 0. What is the greatest common divisor of h and 72?
8
Suppose -9*q + 4*q = 0. Let l(m) = 11 + 7 + 0*m**2 + 2*m**2 - 3*m**2. Let j be l(q). What is the greatest common factor of 126 and j?
18
Let f = 1594 + -1251. Calculate the greatest common divisor of f and 56.
7
Suppose 5*f - 68 - 32 = 0. Suppose 2*t = f - 2. Let a(s) = -8*s - 81. Let o be a(-18). What is the highest common divisor of o and t?
9
Let v be 634/8 - (117/(-12) - -9). What is the highest common divisor of 320 and v?
80
Suppose -4*l = -s - 1146, -7*s = -l - 11*s + 295. Calculate the highest common factor of l and 82.
41
Let a = -14628 + 14640. Let b = 8 - 4. Let n be (24*1)/(b/14). What is the highest common divisor of a and n?
12
Let r be -105*(-1)/6*2. Suppose -d = 4*s - 107, -2*s + 3*s + 3*d - r = 0. Calculate the greatest common factor of 130 and s.
26
Let b = -238 - -418. What is the greatest common factor of 18 and b?
18
Suppose -5*c - 10 = -35. Let i be 930/c + (5 - 2). Calculate the highest common factor of i and 21.
21
Let t = -218 - -350. Let n = -16 + 20. Let i = n - -8. Calculate the highest common divisor of i and t.
12
Suppose c + 15 = 20. Suppose 0 = c*q - 6 - 4. Suppose 5*m = -5, 0 = -q*s - m + 6*m + 37. Calculate the greatest common factor of 4 and s.
4
Let h = -213 - -229. Suppose -4*c + 2*c = 330. Let m = c - -293. Calculate the greatest common divisor of h and m.
16
Let u(t) = -2*t**3 - 3*t**2 - t. Let w be u(-2). Suppose 1672 = -w*i + 10*i. What is the greatest common factor of 38 and i?
38
Let h be (207/(-4))/(27/(-72)). What is the greatest common factor of h and 18?
6
Suppose 3*m + 0*i - 202 = -2*i, -4*m = 2*i - 268. Let o be m/(-55)*10/(-4). Suppose 24 = -o*w + 7*w. What is the highest common divisor of 48 and w?
6
Let s be (-3)/(-2) - (-13)/26. Suppose 0 = -p - 2*r + 20 - 22, r = -2. Calculate the highest common factor of s and p.
2
Let p be (5 - (-171)/(-27))/(4/(-126)). Suppose -2*y - p = -d, -5*y = 2*d - 63 - 21. What is the highest common factor of d and 378?
42
Suppose -4*r = 3*x - 27 - 16, 0 = 5*x + 5*r - 65. Calculate the highest common factor of 3 and x.
3
Let n(x) = x**3 + 10*x**2 - 12*x - 14. Let m be n(-11). Let h(j) = 17*j**2 + 5*j + 2. Let d be h(m). Calculate the highest common divisor of d and 35.
35
Suppose -4*y + 13 = 5. Suppose g - 54 = -5*w + 18, 0 = 4*w - 3*g - 50. Let t = y + w. What is the greatest common divisor of t and 40?
8
Let w = -50 + 84. Suppose 4*v - 6 = -4*o - w, 5*o = 5*v - 45. Let z be (o + -4)*1/(-2). Calculate the highest common factor of z and 24.
6
Suppose -10*d = -7*d + 5*w - 37, 3*w = 6. Suppose 364 - 67 = 3*a. Calculate the greatest common factor of d and a.
9
Let s be (1/3)/(3/(24 - -3)). Let o be s + -3 + 1 - (-24)/3. Calculate the greatest common factor of 99 and o.
9
Let p(t) = -2*t + 5. Suppose 4*y - 3 = 5*y. Let x be p(y). Let b(r) = -3*r + 2. Let o be b(-3). What is the greatest common factor of o and x?
11
Let t be 0 - (-1 - (-4)/(-2)). Suppose -3*p = -p + v - 19, 0 = 2*p - t*v - 7. Suppose 9*d - 13 = p*d. Calculate the greatest common factor of d and 39.
13
Let b = -267 - -287. What is the greatest common factor of b and 80?
20
Let i(j) = j**2 - 5*j + 2. Let q be i(6). Let z = -26 + q. Let v be 6/27 + (-158)/z. Calculate the greatest common factor of v and 27.
9
Let a be ((-64)/1)/(146/(-511)). What is the greatest common factor of 256 and a?
32
Let f be (1 - (-214)/8) + (-3)/4. Calculate the highest common factor of 81 and f.
27
Let o = 51 + -55. Let c be 3 + 29 - 1 - o. Calculate the greatest common factor of 315 and c.
35
Let h = 108 - 32. Let o = -39 + h. Calculate the greatest common divisor of o and 296.
37
Let y(i) = 45*i**2 + 3*i - 4. Let d be y(3). What is the greatest common factor of 20 and d?
10
Suppose 0 = 4*z - z - v - 37, 4*z - 53 = 5*v. Let u = -48 + 108. What is the highest common factor of u and z?
12
Let l = 528 + -490. What is the highest common factor of 342 and l?
38
Let i = -8 + 28. Let w be ((-80)/(-6))/((-5 + 6)/3). Let l = -10 + w. What is the greatest common factor of l and i?
10
Let b(p) = -p**3 - 18*p - 18. Let x be b(-1). Let v(q) = 2*q + 2. Let o be v(6). Let c = -9 + o. Calculate the greatest common divisor of c and x.
1
Let c(a) = -a**2 - 47*a - 51. Let o be c(-45). What is the greatest common divisor of o and 221?
13
Let n = -19 - -14. Let i = n - -1. Let w be i/(-12) + 70/6. Calculate the greatest common factor of 3 and w.
3
Suppose 5*q + 9 = 34. Suppose 2*f + o = 3*f - 6, f - 12 = -q*o. Calculate the highest common factor of f and 2.
1
Let c(k) = -k**2 + 15*k + 610. Let y be c(33). Calculate the highest common divisor of 100 and y.
4
Let w(l) = 11*l - 71. Let k be w(8). What is the highest common factor of 153 and k?
17
Suppose -2*j - a + 15 = 0, 0*j = -2*j + 4*a + 40. Let c(s) = -16*s - 114. Let b be c(-9). Calculate the greatest common factor of j and b.
10
Suppose 3*a - o - 45 = 0, -2*a = o - 21 - 14. Let p(n) = -5*n + 1. Let b be p(-1). Let w = a - b. Calculate the greatest common